x - 20 = -5*d. Suppose 2*v - v = -d. Let p(f) = -f + 1. What is p(v)?
5
Let x be 6/(-4)*(-2)/3. Let t = -2 - x. Let i(z) = -6 + 2*z + 4 - 2*z**2 + 0*z - z**3. What is i(t)?
1
Let c(f) = f + 8. Let v be c(-7). Let q = 2 + v. Let g(i) = -2 + 0*i - 2*i + 3 + 1. Give g(q).
-4
Let m(y) = -11*y**3 + 5*y**2 - 6*y - 4. Let x(q) = -13*q**3 + 6*q**2 - 7*q - 5. Let a(c) = -6*m(c) + 5*x(c). Let u = -2 - -2. Calculate a(u).
-1
Let y(g) = -14*g**2 - 23*g + 1. Let x(p) = -5*p**2 - 8*p. Let o(d) = 17*x(d) - 6*y(d). Give o(6).
-30
Suppose -2*y - 5*x + 15 = 0, y + y - 12 = -2*x. Let r(f) = 1 - 6*f - 9 + y*f. Give r(0).
-8
Let b = 31 - 19. Suppose 3*a = -a - b. Let f(z) = -z**3 - 2*z**2 - 4. Give f(a).
5
Suppose 0 = 2*d - 6 - 2. Suppose -d*l - 18 = -f, -f - 3 - 4 = l. Let o = 0 + l. Let u(r) = -r**2 - 5*r + 7. Calculate u(o).
7
Let l = -3 + 8. Suppose l*c + 15 = -5*g, -2*c - 9 = -1. Let k(o) = 5*o + 2. Let i(p) = -3*p - 1. Let r(u) = -9*i(u) - 4*k(u). Determine r(g).
8
Let t(u) = -u**3 - 5*u**2 - u - 5. Let z(b) = -b**2 + b + 7. Let p be z(4). What is t(p)?
0
Let f be (-2)/(1/3*-1). Let k(o) = -2*o**3 + o**3 - f*o**2 + 3*o**2 + 2. Determine k(-3).
2
Let v(o) = 6*o - 1. Let j = 26 + -31. Let s(n) = -n**2 + 0*n + 4 - 4*n + 0*n. Let p be s(j). Calculate v(p).
-7
Let j(r) = -r**3 + 2*r**2 + 3*r. Let u = -12 + 8. Let d(y) = -2*y**3 + 4*y**2 + 6*y + 1. Let h(x) = u*d(x) + 9*j(x). Calculate h(3).
-4
Let o(y) be the first derivative of -y**3/6 - 2*y**2 - 7*y - 3. Let h(i) be the first derivative of o(i). Calculate h(0).
-4
Let p(c) = -c + 1. Let g(x) = x. Let t(k) = -3*g(k) - 2*p(k). Calculate t(5).
-7
Let t(m) = -m**2 + 8*m - 1. Let b be (7 - 17/2)/((-1)/4). Give t(b).
11
Suppose i - 2*i + 3 = 5*o, -o + 15 = 5*i. Let y(k) be the second derivative of 1/20*k**5 + 0 + 1/6*k**3 + 0*k**4 - k - 3*k**2. Determine y(o).
-6
Let j(h) be the first derivative of h**2/2 - 7*h + 1. Suppose 9*w = 6*w + 9. Calculate j(w).
-4
Let n(m) be the first derivative of m + 4 - 1/2*m**2. Give n(4).
-3
Let o(u) = -u**2 + 2. Let j(n) = -3*n**2 - n + 5. Let z(x) = -4*j(x) + 11*o(x). Determine z(-3).
-1
Let v be 1/(0 - (-2 + 1)). Suppose -5*a = -a. Let b(r) = -2*r + r + a*r - 2*r - v. Give b(-2).
5
Let s(v) = -v**3 - v**2 + v + 3. Let m be s(0). Let h(t) = -2 - 3*t - 3*t**3 + 4*t**2 + 3 + 2*t**m. Let a(i) = 2*i**2 + 2*i - 2. Let n be a(-2). What is h(n)?
3
Suppose 2*p = 4 - 0. Let r(l) = -l**2 + l + 9 - 8 + 3*l**p. Give r(-2).
7
Let a = -29 - -35. Let r(m) = -m**2 + 8*m - 6. Determine r(a).
6
Let m(w) = 4*w + 72 + w - 72. Suppose -4*a = -3*a + 1. Give m(a).
-5
Let f(c) be the third derivative of 5*c**4/8 - c**3/6 + 4*c**2. Determine f(1).
14
Let x(w) = w**3 - 10*w**2 + 13*w - 29. Let b be x(9). Let l(a) = -a**3 + 7*a**2 - 2*a + 6. Calculate l(b).
-8
Let y(p) = -p - 1. Let s be y(3). Let z = s - -4. Let t(a) = -4 - a**3 + 2*a - 4*a + 3*a - a**2. Give t(z).
-4
Let z(v) = -v**2. Let n = 3 - 2. Let c be 60/(-33) + 2/(-11). Let i be (-3)/((-5)/c - n). Calculate z(i).
-4
Let t(o) be the second derivative of 9*o + 0 - 1/6*o**3 - 3/2*o**2. What is t(5)?
-8
Let q(a) = 2*a - 3. Let w(z) be the second derivative of z**4/12 + z**3 + 2*z**2 + 2*z. Let p be w(-6). Give q(p).
5
Let u be (-3)/(6/(-4)) + 4. Suppose -4*m + u*m + 4 = 0. Let j(i) = 3*i**2 + 0*i - 15*i**2 + 8*i**2 - 3 - 4*i. Determine j(m).
-11
Let k(s) = -s**2 - s. Let a(j) = -7*j**2 - j + 3. Let t(f) = a(f) - 6*k(f). Give t(4).
7
Let z(d) = -d**3 - 7*d**2 - 5*d + 2. Let s be z(-6). Let k(b) be the second derivative of b**5/20 + 5*b**4/12 + b**3 + 3*b**2 + 3*b. Calculate k(s).
-2
Let y = -9 + 12. Let t(r) = r + 2*r**2 + 4*r**2 - r**2 + 1 + r**y - r**2. Give t(-3).
7
Let q(w) = 1. Let n(m) = 5*m + 4. Let g(a) = -n(a) + 5*q(a). Calculate g(-4).
21
Let j(x) = -2*x - 13. Let o(r) = -3*r - 26. Let c(f) = -5*j(f) + 3*o(f). Determine c(6).
-7
Let s(k) be the first derivative of -k**4/4 - k**3 + 2*k - 34. Give s(-3).
2
Let o(x) be the third derivative of -x**6/720 + x**5/60 + x**4/24 - x**2. Let m(n) be the second derivative of o(n). Determine m(-4).
6
Let n(i) = i**2 + 10*i - 28. Let f be n(-13). Let m = 14 - f. Let v(q) be the second derivative of q**4/12 - q**3/2 - q**2/2 - q. Calculate v(m).
-1
Let g be (-7)/((-21)/6) - -2. Let k(x) be the first derivative of -x**3/3 + 5*x - 4. What is k(g)?
-11
Let y(k) be the second derivative of k**7/420 + k**6/180 - k**5/60 + k**4/24 + 5*k**3/6 + 6*k. Let v(w) be the second derivative of y(w). Calculate v(1).
3
Let a(p) = p**2 + 6*p - 4. Suppose 35 = 2*z - 7*z. Calculate a(z).
3
Let c(u) = -u**2 + u + 5. Let z(j) = -j - 1. Let y(h) = c(h) + 4*z(h). Suppose 5*l = 3*r + 21, -5*l + 4 = 4*r - 3. Determine y(r).
3
Let r(l) = -l**2. Let g(b) = -2*b - 3*b - 2*b + 6*b + 8. Let w be g(7). What is r(w)?
-1
Suppose 0 = -k - 2*s + 3, 4*k = 3*s - 2*s + 21. Let l(h) = -4*h - 6 + 2*h**2 - k + 4 - h**2. Calculate l(6).
5
Suppose 6*g - 2*g = 0. Let v = 1 + g. Suppose -5*y = v + 9. Let b(n) = n**2 - 2*n - 1. What is b(y)?
7
Suppose 0 = -f - 0 - 1, -5*k + 5*f = -45. Let m = k - 5. Let s(b) = b**2 - 4*b - 3. Determine s(m).
-6
Let g(v) = -18*v**2 + 4*v**2 - 4 - v**3 + 8*v**2 + 12 + 3*v. Calculate g(-6).
-10
Let r(h) = h**2 - 5*h + 2. Suppose 9*u = 4*u + 25. Suppose u*b - 75 = -0*b. Suppose -6*m + b = -3*m. Determine r(m).
2
Let w(y) = 8 + 4*y**2 - 1 + 9*y - 3*y**2. Determine w(-8).
-1
Let o = 16 - 20. Suppose 0 = 5*b - 5 - 10. Let l(g) = -1 + 0 + g**2 + b*g - g. What is l(o)?
7
Let g(j) be the third derivative of -j**4/12 - 3*j**3/2 - 14*j**2. Determine g(-7).
5
Let b be (36/(-8))/(3/(-6)). Suppose -p - 2*p = -b. Let y(m) = m**3 - 2*m**2 - 3*m. Give y(p).
0
Let h = 18 + -29. Let s(n) = 14*n - 8. Let p(u) = 5*u - 3. Suppose -m = 4*b + 4, -3*m + 28 - 8 = -4*b. Let i(f) = h*p(f) + m*s(f). Determine i(1).
2
Let a(k) = 1 + 0*k - 3*k**2 - 72*k**3 + 2*k - 4 + 73*k**3. Determine a(3).
3
Let b(d) = -d**2 - 7*d - 3. Let s be (-4)/28 + (-41)/7. Determine b(s).
3
Let t(f) = -3*f**2 - 11*f - 11. Let i(n) = n**2 + 4*n + 4. Let x(w) = -7*i(w) - 2*t(w). Suppose -2*d - 24 = 2*d. Determine x(d).
-6
Let x(b) be the third derivative of b**7/840 + b**6/72 + b**5/24 + b**4/8 + b**3/6 - 3*b**2. Let h(i) be the first derivative of x(i). Give h(-4).
-1
Let f(n) = -n**3 + 8*n**2 + n - 5. Let j be f(8). Let q(t) = -j*t**2 + 1 - t + t**2 + t**2 + 2. Give q(-3).
-3
Let u(a) = -2 + 89*a - 4*a**2 - 89*a. Determine u(-2).
-18
Let d(u) = -u**3 + u + 2. Suppose 5*j = -4 + 9, -5*t - 4*j - 1 = 0. Let f = -1 - t. Calculate d(f).
2
Suppose -d = -5, -d = -2*q - 0*d + 3. Suppose -3*l + 0*y - 3 = -q*y, -4*y + 21 = 3*l. Let f = l - -2. Let j(g) = g - 4. Give j(f).
1
Let u be (-2)/4*(-32)/(-4). Let o(x) = -3*x - 5. Suppose d + 3 + 10 = 0. Let z(q) = -6*q - 10. Let y(l) = d*o(l) + 6*z(l). Give y(u).
-7
Let s(x) be the first derivative of -3 - 1/30*x**5 + 1/3*x**3 + 0*x + 2*x**2 - 1/12*x**4. Let h(l) be the second derivative of s(l). Calculate h(-2).
-2
Let t(c) = -9*c**2 + 15*c. Let d(u) = 4*u**2 - 7*u. Let b(f) = -7*d(f) - 3*t(f). What is b(4)?
0
Let o(s) = 7*s. Let k(h) = 7*h**2 - 2*h**3 + 7*h + 0*h**3 + 9 + h**3. Let y be 14/35 + 76/10. Let l be k(y). Calculate o(l).
7
Let t(u) = 2*u**2 + 5*u + 11. Let j(n) = n**2 + 2*n + 4. Let y(i) = 8*j(i) - 3*t(i). Calculate y(1).
2
Let h = -18 + 12. Let w = -12 - h. Let a = w + 10. Let n(y) = -y**2 + 5. Give n(a).
-11
Suppose 3*n = -2*y, 0*n + n + 2*y + 4 = 0. Let m be (-1 - (-1 + n)) + 5. Let q(f) = -4*f - 2*f**2 - 3 + m*f**2 - 2*f**2. Give q(-3).
0
Let w(j) = j**3 + j**2 - j - 2. Let r = 3 - 3. Let z be w(r). Let b(i) = 2*i**2 + i - 2. Let s be b(z). Let x(f) = -f**3 + 6*f**2 - 6*f. Give x(s).
8
Let u(v) = -2*v - 4. Let n(i) = 5*i + 12. Let q(j) = 3*n(j) + 8*u(j). Determine q(5).
-1
Let r be (0 - -4) + 0 - -2. Let x(k) = 4 - 13 + 8*k + 1 - k**2 + 3. What is x(r)?
7
Suppose -3*t + 15 = 6, 0 = -3*q + t + 6. Let n(x) = x - 1 - q + 0 + 3. What is n(7)?
6
Let u be 48/15 - 1/5. Let s(o) = 7 - 4*o**2 - 2*o**2 - 1 + 2*o + o**u + 2*o. Let k be 106/22 - 8/(-44). What is s(k)?
1
Let j(l) = l**2 - 3*l - 5. Let a be j(-2). Let i(z) = -4*z**3 + 8*z**2 - 1. Let u(q) = -7*q**3 + 15*q**2 - 2. Let m(b) = -5*i(b) + 3*u(b). Calculate m(a).
-1
Let o be (1/(-3))/((-7)/63). Suppose -y = w - 6*w + 15, 0 = o*y + 15. Let n(p) = p**3 - 1 + p + 2*p**2 + 3 - 4*